{"id":1019,"date":"2018-08-28T18:25:41","date_gmt":"2018-08-28T21:25:41","guid":{"rendered":"https:\/\/isp8st-sfe.infd.edu.ar\/sitio\/?page_id=1019"},"modified":"2026-03-16T16:48:08","modified_gmt":"2026-03-16T19:48:08","slug":"probando","status":"publish","type":"page","link":"https:\/\/ies64-sfe.infd.edu.ar\/sitio\/probando\/","title":{"rendered":"Biblioteca"},"content":{"rendered":"\n<p>El proyecto de la biblioteca del Instituto N. \u00ba 64 se propone como un espacio de<br>encuentro que invita al colectivo docente y estudiantil a participar en la construcci\u00f3n de<br>saberes y a fomentar la lectura.<br>La biblioteca ofrece, a trav\u00e9s de la disponibilidad y circulaci\u00f3n de libros, herramientas<br>pedag\u00f3gicas, l\u00fadicas y po\u00e9ticas que promueven la construcci\u00f3n de un pensamiento<br>cr\u00edtico y m\u00e1s humano. Asimismo, se concibe como un dispositivo que configura un<br>espacio de aprendizaje y de circulaci\u00f3n de la palabra, inaugurando un encuentro<br>colectivo que tiende un puente entre la tradici\u00f3n de la lectura y la inclusi\u00f3n social.<br>Horarios:<br>Lunes: 17.30 hs a 21.30 hs<br>Mi\u00e9rcoles: 17.30 hs a 21.30 hs<br>Jueves: 17.30hs a 19. 30hs<\/p>\n\n\n\n<figure class=\"wp-block-image size-full\"><img decoding=\"async\" loading=\"lazy\" width=\"926\" height=\"145\" src=\"https:\/\/ies64-sfe.infd.edu.ar\/sitio\/wp-content\/uploads\/2026\/03\/image.png\" alt=\"\" class=\"wp-image-3210\" srcset=\"https:\/\/ies64-sfe.infd.edu.ar\/sitio\/wp-content\/uploads\/2026\/03\/image.png 926w, https:\/\/ies64-sfe.infd.edu.ar\/sitio\/wp-content\/uploads\/2026\/03\/image-768x120.png 768w\" sizes=\"(max-width: 926px) 100vw, 926px\" \/><\/figure>\n","protected":false},"excerpt":{"rendered":"<p>El proyecto de la biblioteca del Instituto N. \u00ba 64 se propone como un espacio deencuentro que invita al colectivo docente y estudiantil a participar en la construcci\u00f3n desaberes y a fomentar la lectura.La biblioteca ofrece, a trav\u00e9s de la disponibilidad y circulaci\u00f3n de libros, herramientaspedag\u00f3gicas, l\u00fadicas y po\u00e9ticas que promueven la construcci\u00f3n de un &#8230; <a title=\"Biblioteca\" class=\"read-more\" href=\"https:\/\/ies64-sfe.infd.edu.ar\/sitio\/probando\/\" aria-label=\"More on Biblioteca\">[+]<\/a><\/p>\n","protected":false},"author":280,"featured_media":0,"parent":0,"menu_order":0,"comment_status":"closed","ping_status":"closed","template":"","meta":[],"acf":[],"_links":{"self":[{"href":"https:\/\/ies64-sfe.infd.edu.ar\/sitio\/wp-json\/wp\/v2\/pages\/1019"}],"collection":[{"href":"https:\/\/ies64-sfe.infd.edu.ar\/sitio\/wp-json\/wp\/v2\/pages"}],"about":[{"href":"https:\/\/ies64-sfe.infd.edu.ar\/sitio\/wp-json\/wp\/v2\/types\/page"}],"author":[{"embeddable":true,"href":"https:\/\/ies64-sfe.infd.edu.ar\/sitio\/wp-json\/wp\/v2\/users\/280"}],"replies":[{"embeddable":true,"href":"https:\/\/ies64-sfe.infd.edu.ar\/sitio\/wp-json\/wp\/v2\/comments?post=1019"}],"version-history":[{"count":4,"href":"https:\/\/ies64-sfe.infd.edu.ar\/sitio\/wp-json\/wp\/v2\/pages\/1019\/revisions"}],"predecessor-version":[{"id":3211,"href":"https:\/\/ies64-sfe.infd.edu.ar\/sitio\/wp-json\/wp\/v2\/pages\/1019\/revisions\/3211"}],"wp:attachment":[{"href":"https:\/\/ies64-sfe.infd.edu.ar\/sitio\/wp-json\/wp\/v2\/media?parent=1019"}],"curies":[{"name":"wp","href":"https:\/\/api.w.org\/{rel}","templated":true}]}}

<p>El proyecto de la biblioteca del Instituto N. º 64 se propone como un espacio de<br>encuentro que invita al colectivo docente y estudiantil a participar en la construcción de<br>saberes y a fomentar la lectura.<br>La biblioteca ofrece, a través de la disponibilidad y circulación de libros, herramientas<br>pedagógicas, lúdicas y poéticas que promueven la construcción de un pensamiento<br>crítico y más humano. Asimismo, se concibe como un dispositivo que configura un<br>espacio de aprendizaje y de circulación de la palabra, inaugurando un encuentro<br>colectivo que tiende un puente entre la tradición de la lectura y la inclusión social.<br>Horarios:<br>Lunes: 17.30 hs a 21.30 hs<br>Miércoles: 17.30 hs a 21.30 hs<br>Jueves: 17.30hs a 19. 30hs</p>



<figure class="wp-block-image size-full"><img decoding="async" loading="lazy" width="926" height="145" src="https://ies64-sfe.infd.edu.ar/sitio/wp-content/uploads/2026/03/image.png" alt="" class="wp-image-3210" srcset="https://ies64-sfe.infd.edu.ar/sitio/wp-content/uploads/2026/03/image.png 926w, https://ies64-sfe.infd.edu.ar/sitio/wp-content/uploads/2026/03/image-768x120.png 768w" sizes="(max-width: 926px) 100vw, 926px" /></figure>

<p>El proyecto de la biblioteca del Instituto N. º 64 se propone como un espacio deencuentro que invita al colectivo docente y estudiantil a participar en la construcción desaberes y a fomentar la lectura.La biblioteca ofrece, a través de la disponibilidad y circulación de libros, herramientaspedagógicas, lúdicas y poéticas que promueven la construcción de un &#8230; <a title="Biblioteca" class="read-more" href="https://ies64-sfe.infd.edu.ar/sitio/probando/" aria-label="More on Biblioteca">[+]</a></p>
